3247660 a multiple of 364?
True
Is 481442801 a multiple of 2605?
False
Is 362508763 a multiple of 1993?
True
Is 2244712477 a multiple of 119?
False
Is 340 a factor of 38259860?
True
Does 594 divide 247057150?
False
Does 385 divide 432230260?
True
Is 187 a factor of 2471644824?
True
Does 52 divide 493858301?
False
Is 49789530 a multiple of 286?
False
Is 297701741 a multiple of 67?
False
Is 18 a factor of 186482250?
True
Is 403911564 even?
True
Is 41236315 a multiple of 1539?
False
Is 16 a factor of 514501169?
False
Is 195134835 a multiple of 637?
False
Does 30 divide 528478067?
False
Does 15 divide 19023532?
False
Is 3102 a factor of 86229396?
True
Is 292405192 a multiple of 8?
True
Is 159658404 a multiple of 37?
True
Does 3098 divide 1749655364?
False
Does 655 divide 11494391?
False
Is 5 a factor of 3136705?
True
Is 971 a factor of 11139848?
False
Does 105 divide 56622195?
True
Is 284 a factor of 949193604?
True
Is 331956 a multiple of 36?
True
Is 1307 a factor of 75097005?
False
Is 125 a factor of 5223682750?
True
Is 3296063 a multiple of 47?
True
Is 1116727133 a multiple of 1254?
False
Is 164 a factor of 12881708?
True
Is 56250478 a multiple of 1125?
False
Does 660 divide 444417855?
False
Does 224 divide 14092736?
True
Is 46577664 a multiple of 1371?
False
Is 3 a factor of 15599280?
True
Is 5072 a factor of 114089568?
True
Is 99 a factor of 118341729?
True
Is 121061286 a multiple of 218?
True
Is 1276222200 a multiple of 150?
True
Does 137 divide 63236323?
True
Is 96032261 a multiple of 416?
False
Does 1764 divide 23094288?
True
Is 134 a factor of 21242216?
True
Is 54529848 a multiple of 648?
True
Does 7 divide 3456093067?
True
Is 89151595 a multiple of 134?
False
Does 149 divide 3427900?
False
Is 57069269 a multiple of 3523?
False
Is 159 a factor of 15531453?
False
Does 11 divide 64638969?
False
Is 1036 a factor of 20053852?
True
Is 57 a factor of 296813208?
False
Is 129524579 a multiple of 1529?
False
Does 139 divide 2867653917?
False
Does 776 divide 1843665626?
False
Is 4029 a factor of 301280762?
False
Is 414995820 a multiple of 42?
False
Is 26 a factor of 2093728?
True
Is 372 a factor of 216922032?
False
Is 792 a factor of 3433615?
False
Is 1335825007 a multiple of 39?
False
Is 488561437 a multiple of 2130?
False
Is 77535088 a multiple of 8?
True
Does 331 divide 4218264?
True
Is 48 a factor of 4123527?
False
Does 10 divide 525641353?
False
Is 2029 a factor of 2517128358?
False
Does 12 divide 4266738801?
False
Does 654 divide 219422967?
False
Is 10750 a factor of 2943339250?
True
Is 2717156 a multiple of 127?
False
Is 675876474 a multiple of 6498?
True
Is 136564016 a multiple of 3?
False
Is 407036458 a multiple of 1772?
False
Does 19 divide 524984159?
False
Is 64473812 a multiple of 7?
False
Is 5 a factor of 991531275?
True
Is 51 a factor of 3361526892?
True
Does 30 divide 2832644160?
True
Is 69705270 a multiple of 261?
True
Is 5788 a factor of 480893808?
False
Does 17 divide 94695134?
True
Does 136 divide 49256616?
True
Is 226 a factor of 316425751?
False
Is 138 a factor of 1668060295?
False
Is 4520 a factor of 926457230?
False
Is 59 a factor of 3951643?
True
Does 266 divide 16794708?
True
Is 7259112 a multiple of 27?
True
Is 189465069 a multiple of 49?
False
Is 34 a factor of 1382163070?
True
Is 224590537 a multiple of 71?
True
Is 480001022 a multiple of 1549?
True
Is 10 a factor of 553943280?
True
Does 2 divide 10070292?
True
Is 6046 a factor of 963524708?
False
Is 3424 a factor of 1371881818?
False
Does 6 divide 829924?
False
Is 343 a factor of 57454901?
True
Does 716 divide 1262753040?
False
Is 104611709 a multiple of 4?
False
Does 47 divide 438776819?
True
Is 27 a factor of 653047353?
True
Does 2842 divide 11133838?
False
Is 15404741 a multiple of 7?
False
Is 582395975 a multiple of 445?
True
Is 9194200 a multiple of 394?
False
Is 47 a factor of 14909977?
False
Is 196850031 a multiple of 7?
True
Does 363 divide 115590453?
True
Is 1229946452 a multiple of 22?
False
Does 399 divide 15018360?
True
Is 2966 a factor of 944685830?
True
Is 13 a factor of 170012160?
False
Is 81 a factor of 17630939?
False
Is 118 a factor of 12246276?
True
Does 266 divide 2481036530?
True
Is 1972 a factor of 95819282?
False
Is 31663056 a multiple of 29?
False
Is 2120546435 a multiple of 21?
False
Is 158 a factor of 96775980?
False
Is 74860671 a multiple of 280?
False
Is 106 a factor of 347771160?
True
Is 6 a factor of 608766060?
True
Does 4548 divide 1275927921?
False
Is 19 a factor of 470518016?
False
Does 1197 divide 93573081?
True
Does 3 divide 911893408?
False
Is 2844 a factor of 2178868032?
True
Is 619681515 a multiple of 278?
False
Is 1102570 a multiple of 95?
True
Does 265 divide 31765943?
False
Does 327 divide 10895967?
True
Is 68394648 a multiple of 2072?
True
Does 11 divide 21481342?
False
Is 153590820 a multiple of 30?
True
Is 100174545 a multiple of 9?
True
Is 5141210 a multiple of 301?
False
Does 16 divide 8495046?
False
Is 4 a factor of 11243448?
True
Does 154 divide 58576980?
True
Is 374186457 a multiple of 9?
True
Is 87 a factor of 91290492?
True
Does 2483 divide 25905139?
True
Does 2757 divide 75489417?
True
Does 99 divide 1037577915?
True
Is 16797840 a multiple of 15?
True
Is 12 a factor of 13397916?
True
Is 45349510 a multiple of 2101?
False
Is 974 a factor of 50261414?
False
Does 1199 divide 197158861?
False
Is 5078406 a multiple of 15?
False
Is 544 a factor of 26697284?
False
Does 326 divide 192947990?
True
Is 414607200 a multiple of 21?
True
Is 16 a factor of 26795600?
True
Is 52 a factor of 115216061?
False
Is 17261937 a multiple of 693?
True
Does 1057 divide 708530354?
True
Is 404720850 a multiple of 42?
False
Does 9 divide 24206223?
False
Is 1251452640 a multiple of 155?
True
Is 20 a factor of 10317400?
True
Does 231 divide 13052?
False
Is 92 a factor of 12296996?
True
Is 172 a factor of 579937?
False
Does 5369 divide 1479658817?
True
Does 1663 divide 230389800?
False
Is 1508242276 a multiple of 54?
False
Does 46 divide 2108742488?
True
Is 1089748595 a multiple of 119?
False
Does 107 divide 13080975?
False
Is 1782256168 a multiple of 94?
True
Is 12507584 a multiple of 1334?
True
Does 822 divide 4485821688?
True
Is 126396577 a multiple of 784?
False
Does 73 divide 82489343?
True
Is 790685861 a multiple of 51?
False
Is 578 a factor of 1594186121?
False
Is 134 a factor of 76051832?
False
Is 36278469 a multiple of 68?
False
Is 37874265 a multiple of 13?
True
Is 86 a factor of 13765504?
True
Is 70 a factor of 139137460?
True
Is 165 a factor of 1593978?
False
Is 1122886176 a multiple of 5848?
True
Is 126952772 a multiple of 148?
True
Is 15 a factor of 22975215?
True
Is 169858667 a multiple of 96?
False
Is 685182809 a multiple of 8828?
False
Does 96 divide 1178696928?
True
Is 1843812390 a multiple of 10?
True
Is 568575833 a multiple of 133?
False
Is 1300196777 a multiple of 1330?
False
Does 9 divide 22202029?
False
Is 299 a factor of 4520440?
False
Is 821 a factor of 187882540?
False
Does 7 divide 28981053?
False
Is 10 a factor of 1773245201?
False
Is 13 a factor of 39940070?
False
Is 25901568 a multiple of 4088?
True
Is 1256 a factor of 4366485589?
False
Is 130454671 a multiple of 36?
False
Is 5204070 a multiple of 318?
True
Does 11 divide 151218121?
False
Is 68293026 a multiple of 1689?
True
Is 12432041 a multiple of 439?
True
Is 1925933241 a multiple of 25?
False
Is 174 a factor of 29431656?
False
Is 29531840 a multiple of 104?
True
Is 9836486 a multiple of 11?
True
Does 143 divide 3254275?
False
Does 21 divide 180144415?
False
Does 20 divide 7841269?
False
Is 21140462 a multiple of 4?
False
Is 8467 a factor of 1852425528?
False
Is 232082642 a multiple of 64?
False
Is 1988666244 a multiple of 274?
True
Does 236 divide 316738432?
True
Does 17 divide 43644393?
False
Is 4 a factor of 11427268?
True
Is 2462155192 a multiple of 243?
False
Is 120 a factor of 56094793?
False
Is 374991984 a multiple of 34?
True
Is 24589758 a multiple of 9?
False
Does 53 divide 48144359?
False
Is 76 a factor of 170276517?
False
Is 611 a factor of 735482747?
False
Is 1675673485 a multiple of 5?
True
Does 74 divide 23987174?
True
Is 1478620 a multiple of 260?
True
Is 1116942775 a multiple of 2076?
False
Is 978 a factor of 23300850?
True
Is 161 a factor of 7010